{"id":20,"date":"2015-04-02T22:52:22","date_gmt":"2015-04-02T22:52:22","guid":{"rendered":"http:\/\/rajdmaczka.pl\/?page_id=20"},"modified":"2021-05-13T21:25:52","modified_gmt":"2021-05-13T21:25:52","slug":"sample-page2","status":"publish","type":"page","link":"https:\/\/rajdmaczka.pl\/?page_id=20","title":{"rendered":"I Rajd  &#8211;  2007 czyli &#8230; jak to si\u0119 zacz\u0119\u0142o"},"content":{"rendered":"<p>Pierwsza Polska Dywizja Pancerna pod dow\u00f3dztwem gen. Stanis\u0142awa Maczka zapisa\u0142a pi\u0119kn\u0105, zwyci\u0119sk\u0105 kart\u0119 w historii polskiego or\u0119\u017ca. Czyny &#8222;Maczkowc\u00f3w&#8221; jak r\u00f3wnie\u017c ich dow\u00f3dcy by\u0142y przez wiele lat skazane na zapomnienie. W\u0142adze komunistyczne pozbawi\u0142y genera\u0142a Maczka obywatelstwa PRL. Zmar\u0142 na obczy\u017anie wielokrotnie uhonorowany przez miasta i kraje, kt\u00f3re wyzwala\u0142. Stowarzyszenie Motocyklist\u00f3w PATRIA ju\u017c od 2007 roku aktywnie w\u0142\u0105czy\u0142o si\u0119 w popularyzowanie wiedzy na temat tej elitarnej jednostki. Nie jeste\u015bmy bynajmniej osamotnieni. Przez ostatnich kilka lat dane nam by\u0142o pozna\u0107 wielu patriot\u00f3w, dzi\u0119ki kt\u00f3rym polscy pancerniacy \u017cy\u0107 b\u0119d\u0105 wiecznie w naszej \u015bwiadomo\u015bci narodowej (np: Beskidzkie Stowarzyszenie Maczkowc\u00f3w, Stow. Pami\u0119ci 10 PSK,&nbsp;dow\u00f3dcy i \u017co\u0142nierze 11 Lubuskiej Dywizji Pancernej etc)&nbsp;.<\/p>\n<p><img decoding=\"async\" loading=\"lazy\" class=\" aligncenter\" src=\"http:\/\/images49.fotosik.pl\/314\/245976cfa3d2134dmed.jpg\" alt=\"\" width=\"348\" height=\"480\"><\/p>\n<p>Pomys\u0142odawc\u0105 rajd\u00f3w motocyklowych wiod\u0105cych &#8222;\u015bladami czo\u0142gowych g\u0105sienic&#8221; jest syn jednego z \u017co\u0142nierzy dywizji. Wojtek Krupa od wczesnych lat m\u0142odzie\u0144czych marzy\u0142 aby przejecha\u0107 szlak bojowy od Arromanches do Wilhelmshaven. Plany te by\u0142y bardzo ambitne poniewa\u017c \u015brodkiem transportu mia\u0142 by\u0107 motorower Jawa z przyczepk\u0105. W\u00f3wczas przekroczenie \u017celaznej kurtyny okaza\u0142o si\u0119 niemo\u017cliwe. Dopiero w 2007 roku uda\u0142o si\u0119 zrealizowa\u0107 pomys\u0142 I Rajdu &#8222;Sladami G\u0105sienic Pierwszej Pancernej&#8221;. By\u0142 to wyjazd rekonesansowy w gronie 12 osobowym na 9 motocyklach &#8211; jak\u017ce jednak niezapomniany. Po kilku latach mamy za sob\u0105 wiele przejechanych kilometr\u00f3w \u015bladami gen. Maczka. Jeste\u015bmy obecni na wielu uroczysto\u015bciach patriotycznych nie tylko zwi\u0105zanych z \u017co\u0142nierzami jednostek pancernych. Organizujemy&nbsp;rajdy \u015bladami pu\u0142kownika Maczka z okresu wojny obronnej 1939 roku. Jeste\u015bmy obecni na uroczysto\u015bciach ku czci \u017co\u0142nierzy niez\u0142omnych. Wielu z nas jest&nbsp;r\u00f3wnie\u017c wielokrotnymi uczestnikami Rajd\u00f3w Katy\u0144skich. Kochamy&nbsp;Kresy i wszystko co polskie, szlachetne. Motocykle&nbsp;daj\u0105 nam mo\u017cliwo\u015b\u0107&nbsp;manifestowania naszego patriotyzmu i rozwoju \u015bwiadomo\u015bci historycznej oraz&nbsp;narodowej.<\/p>\n","protected":false},"excerpt":{"rendered":"<p>Pierwsza Polska Dywizja Pancerna pod dow\u00f3dztwem gen. Stanis\u0142awa Maczka zapisa\u0142a pi\u0119kn\u0105, zwyci\u0119sk\u0105 kart\u0119 w historii polskiego or\u0119\u017ca. Czyny &#8222;Maczkowc\u00f3w&#8221; jak [&hellip;]<\/p>\n","protected":false},"author":1,"featured_media":0,"parent":2,"menu_order":0,"comment_status":"open","ping_status":"open","template":"","meta":[],"_links":{"self":[{"href":"https:\/\/rajdmaczka.pl\/index.php?rest_route=\/wp\/v2\/pages\/20"}],"collection":[{"href":"https:\/\/rajdmaczka.pl\/index.php?rest_route=\/wp\/v2\/pages"}],"about":[{"href":"https:\/\/rajdmaczka.pl\/index.php?rest_route=\/wp\/v2\/types\/page"}],"author":[{"embeddable":true,"href":"https:\/\/rajdmaczka.pl\/index.php?rest_route=\/wp\/v2\/users\/1"}],"replies":[{"embeddable":true,"href":"https:\/\/rajdmaczka.pl\/index.php?rest_route=%2Fwp%2Fv2%2Fcomments&post=20"}],"version-history":[{"count":11,"href":"https:\/\/rajdmaczka.pl\/index.php?rest_route=\/wp\/v2\/pages\/20\/revisions"}],"predecessor-version":[{"id":113,"href":"https:\/\/rajdmaczka.pl\/index.php?rest_route=\/wp\/v2\/pages\/20\/revisions\/113"}],"up":[{"embeddable":true,"href":"https:\/\/rajdmaczka.pl\/index.php?rest_route=\/wp\/v2\/pages\/2"}],"wp:attachment":[{"href":"https:\/\/rajdmaczka.pl\/index.php?rest_route=%2Fwp%2Fv2%2Fmedia&parent=20"}],"curies":[{"name":"wp","href":"https:\/\/api.w.org\/{rel}","templated":true}]}}

I Rajd  &#8211;  2007 czyli &#8230; jak to się zaczęło

<p>Pierwsza Polska Dywizja Pancerna pod dowództwem gen. Stanisława Maczka zapisała piękną, zwycięską kartę w historii polskiego oręża. Czyny &#8222;Maczkowców&#8221; jak również ich dowódcy były przez wiele lat skazane na zapomnienie. Władze komunistyczne pozbawiły generała Maczka obywatelstwa PRL. Zmarł na obczyźnie wielokrotnie uhonorowany przez miasta i kraje, które wyzwalał. Stowarzyszenie Motocyklistów PATRIA już od 2007 roku aktywnie włączyło się w popularyzowanie wiedzy na temat tej elitarnej jednostki. Nie jesteśmy bynajmniej osamotnieni. Przez ostatnich kilka lat dane nam było poznać wielu patriotów, dzięki którym polscy pancerniacy żyć będą wiecznie w naszej świadomości narodowej (np: Beskidzkie Stowarzyszenie Maczkowców, Stow. Pamięci 10 PSK,&nbsp;dowódcy i żołnierze 11 Lubuskiej Dywizji Pancernej etc)&nbsp;.</p>
<p><img decoding="async" loading="lazy" class=" aligncenter" src="http://images49.fotosik.pl/314/245976cfa3d2134dmed.jpg" alt="" width="348" height="480"></p>
<p>Pomysłodawcą rajdów motocyklowych wiodących &#8222;śladami czołgowych gąsienic&#8221; jest syn jednego z żołnierzy dywizji. Wojtek Krupa od wczesnych lat młodzieńczych marzył aby przejechać szlak bojowy od Arromanches do Wilhelmshaven. Plany te były bardzo ambitne ponieważ środkiem transportu miał być motorower Jawa z przyczepką. Wówczas przekroczenie żelaznej kurtyny okazało się niemożliwe. Dopiero w 2007 roku udało się zrealizować pomysł I Rajdu &#8222;Sladami Gąsienic Pierwszej Pancernej&#8221;. Był to wyjazd rekonesansowy w gronie 12 osobowym na 9 motocyklach &#8211; jakże jednak niezapomniany. Po kilku latach mamy za sobą wiele przejechanych kilometrów śladami gen. Maczka. Jesteśmy obecni na wielu uroczystościach patriotycznych nie tylko związanych z żołnierzami jednostek pancernych. Organizujemy&nbsp;rajdy śladami pułkownika Maczka z okresu wojny obronnej 1939 roku. Jesteśmy obecni na uroczystościach ku czci żołnierzy niezłomnych. Wielu z nas jest&nbsp;również wielokrotnymi uczestnikami Rajdów Katyńskich. Kochamy&nbsp;Kresy i wszystko co polskie, szlachetne. Motocykle&nbsp;dają nam możliwość&nbsp;manifestowania naszego patriotyzmu i rozwoju świadomości historycznej oraz&nbsp;narodowej.</p>

<p>Pierwsza Polska Dywizja Pancerna pod dowództwem gen. Stanisława Maczka zapisała piękną, zwycięską kartę w historii polskiego oręża. Czyny &#8222;Maczkowców&#8221; jak [&hellip;]</p>
