{"id":121,"date":"2021-05-13T21:36:04","date_gmt":"2021-05-13T21:36:04","guid":{"rendered":"http:\/\/rajdmaczka.pl\/?page_id=121"},"modified":"2024-02-29T07:25:32","modified_gmt":"2024-02-29T07:25:32","slug":"v-ty-rajd-2017","status":"publish","type":"page","link":"https:\/\/rajdmaczka.pl\/?page_id=121","title":{"rendered":"V-ty Rajd  &#8211; 2017"},"content":{"rendered":"\n<p>V to ju\u017c ma\u0142y jubileusz. 5 rajd\u00f3w w 10 lat. Sporo wie\u0144c\u00f3w na cmentarzach polskich \u017co\u0142nierzy we Francji, Belgii, Holandii i Niemczech &#8211; podpisanych &#8222;Motocykli\u015bci PATRIA&#8221;. Podobnie jak ka\u017cdy poprzedni rajd i ten mia\u0142 wiele nowych element\u00f3w jak chocia\u017cby odwiedziny grob\u00f3w polskich lotnik\u00f3w w Michelstadt czy miejsca zwi\u0105zane z kampani\u0105 1940 roku we Francji (Montbard, Dieuze, Lagard). Reporta\u017c z V-tego rajdu w re\u017cyserii znanego dziennikarza Marcina Bradke znajdziecie w naszej galerii. Niezawodnie od lat towarzyszy nam wsp\u00f3\u0142praca z Instytutem Pami\u0119ci Narodowej, kt\u00f3ry to w osobach kolejnych prezes\u00f3w udziela nam patronatu honorowego potwierdzaj\u0105c wa\u017cny, edukacyjny charakter wypraw. Ta wsp\u00f3\u0142praca nobilituje i zobowi\u0105zuje. Instytut wyda\u0142 tak\u017ce kilka publikacji na nasz temat w swoich biuletynach historycznych. <\/p>\n\n\n\n<figure class=\"wp-block-image size-full\"><a href=\"http:\/\/rajdmaczka.pl\/wp-content\/uploads\/2024\/02\/rajd-maczka-05-01-www.jpg\"><img decoding=\"async\" loading=\"lazy\" width=\"800\" height=\"462\" src=\"http:\/\/rajdmaczka.pl\/wp-content\/uploads\/2024\/02\/rajd-maczka-05-01-www.jpg\" alt=\"\" class=\"wp-image-160\" srcset=\"https:\/\/rajdmaczka.pl\/wp-content\/uploads\/2024\/02\/rajd-maczka-05-01-www.jpg 800w, https:\/\/rajdmaczka.pl\/wp-content\/uploads\/2024\/02\/rajd-maczka-05-01-www-300x173.jpg 300w, https:\/\/rajdmaczka.pl\/wp-content\/uploads\/2024\/02\/rajd-maczka-05-01-www-768x444.jpg 768w, https:\/\/rajdmaczka.pl\/wp-content\/uploads\/2024\/02\/rajd-maczka-05-01-www-624x360.jpg 624w, https:\/\/rajdmaczka.pl\/wp-content\/uploads\/2024\/02\/rajd-maczka-05-01-www-330x190.jpg 330w\" sizes=\"(max-width: 800px) 100vw, 800px\" \/><\/a><\/figure>\n\n\n\n<p>Rajdowe klimaty &#8230;  Z za\u0142o\u017cenia rajd nie jest dla tych z najgrubszymi portfelami. Nocleg na polu namiotowym w okolicach Arnhem i Driel pozwala na obni\u017cenie podstawowych koszt\u00f3w. U\u0142atwia tak\u017ce integracj\u0119 podczas &#8222;nocnych Polak\u00f3w rozm\u00f3w&#8221; &#8230; <\/p>\n","protected":false},"excerpt":{"rendered":"<p>V to ju\u017c ma\u0142y jubileusz. 5 rajd\u00f3w w 10 lat. Sporo wie\u0144c\u00f3w na cmentarzach polskich \u017co\u0142nierzy we Francji, Belgii, Holandii [&hellip;]<\/p>\n","protected":false},"author":1,"featured_media":0,"parent":2,"menu_order":5,"comment_status":"closed","ping_status":"closed","template":"","meta":[],"_links":{"self":[{"href":"https:\/\/rajdmaczka.pl\/index.php?rest_route=\/wp\/v2\/pages\/121"}],"collection":[{"href":"https:\/\/rajdmaczka.pl\/index.php?rest_route=\/wp\/v2\/pages"}],"about":[{"href":"https:\/\/rajdmaczka.pl\/index.php?rest_route=\/wp\/v2\/types\/page"}],"author":[{"embeddable":true,"href":"https:\/\/rajdmaczka.pl\/index.php?rest_route=\/wp\/v2\/users\/1"}],"replies":[{"embeddable":true,"href":"https:\/\/rajdmaczka.pl\/index.php?rest_route=%2Fwp%2Fv2%2Fcomments&post=121"}],"version-history":[{"count":6,"href":"https:\/\/rajdmaczka.pl\/index.php?rest_route=\/wp\/v2\/pages\/121\/revisions"}],"predecessor-version":[{"id":161,"href":"https:\/\/rajdmaczka.pl\/index.php?rest_route=\/wp\/v2\/pages\/121\/revisions\/161"}],"up":[{"embeddable":true,"href":"https:\/\/rajdmaczka.pl\/index.php?rest_route=\/wp\/v2\/pages\/2"}],"wp:attachment":[{"href":"https:\/\/rajdmaczka.pl\/index.php?rest_route=%2Fwp%2Fv2%2Fmedia&parent=121"}],"curies":[{"name":"wp","href":"https:\/\/api.w.org\/{rel}","templated":true}]}}

<p>V to już mały jubileusz. 5 rajdów w 10 lat. Sporo wieńców na cmentarzach polskich żołnierzy we Francji, Belgii, Holandii i Niemczech &#8211; podpisanych &#8222;Motocykliści PATRIA&#8221;. Podobnie jak każdy poprzedni rajd i ten miał wiele nowych elementów jak chociażby odwiedziny grobów polskich lotników w Michelstadt czy miejsca związane z kampanią 1940 roku we Francji (Montbard, Dieuze, Lagard). Reportaż z V-tego rajdu w reżyserii znanego dziennikarza Marcina Bradke znajdziecie w naszej galerii. Niezawodnie od lat towarzyszy nam współpraca z Instytutem Pamięci Narodowej, który to w osobach kolejnych prezesów udziela nam patronatu honorowego potwierdzając ważny, edukacyjny charakter wypraw. Ta współpraca nobilituje i zobowiązuje. Instytut wydał także kilka publikacji na nasz temat w swoich biuletynach historycznych. </p>



<figure class="wp-block-image size-full"><a href="http://rajdmaczka.pl/wp-content/uploads/2024/02/rajd-maczka-05-01-www.jpg"><img decoding="async" loading="lazy" width="800" height="462" src="http://rajdmaczka.pl/wp-content/uploads/2024/02/rajd-maczka-05-01-www.jpg" alt="" class="wp-image-160" srcset="https://rajdmaczka.pl/wp-content/uploads/2024/02/rajd-maczka-05-01-www.jpg 800w, https://rajdmaczka.pl/wp-content/uploads/2024/02/rajd-maczka-05-01-www-300x173.jpg 300w, https://rajdmaczka.pl/wp-content/uploads/2024/02/rajd-maczka-05-01-www-768x444.jpg 768w, https://rajdmaczka.pl/wp-content/uploads/2024/02/rajd-maczka-05-01-www-624x360.jpg 624w, https://rajdmaczka.pl/wp-content/uploads/2024/02/rajd-maczka-05-01-www-330x190.jpg 330w" sizes="(max-width: 800px) 100vw, 800px" /></a></figure>



<p>Rajdowe klimaty &#8230;  Z założenia rajd nie jest dla tych z najgrubszymi portfelami. Nocleg na polu namiotowym w okolicach Arnhem i Driel pozwala na obniżenie podstawowych kosztów. Ułatwia także integrację podczas &#8222;nocnych Polaków rozmów&#8221; &#8230; </p>

<p>V to już mały jubileusz. 5 rajdów w 10 lat. Sporo wieńców na cmentarzach polskich żołnierzy we Francji, Belgii, Holandii [&hellip;]</p>
